{"id":529,"date":"2015-04-20T11:50:56","date_gmt":"2015-04-20T11:50:56","guid":{"rendered":"http:\/\/welfare.cmsmasters.net\/?page_id=529"},"modified":"2021-02-24T07:47:54","modified_gmt":"2021-02-24T07:47:54","slug":"kurumsal","status":"publish","type":"page","link":"https:\/\/yenihayattipmerkezi.com\/yeni\/kurumsal\/","title":{"rendered":"Kurumsal"},"content":{"rendered":"<div id=\"cmsmasters_row_92f4be90a3\" class=\"cmsmasters_row cmsmasters_color_scheme_default cmsmasters_row_top_default cmsmasters_row_bot_default cmsmasters_row_boxed\">\n<div class=\"cmsmasters_row_outer_parent\">\n<div class=\"cmsmasters_row_outer\">\n<div class=\"cmsmasters_row_inner\">\n<div class=\"cmsmasters_row_margin\">\n<div id=\"cmsmasters_column_52148c5d6b\" class=\"cmsmasters_column one_half\">\n<div class=\"cmsmasters_column_inner\"><\/div><\/div>\n<div id=\"cmsmasters_column_83ec0b9518\" class=\"cmsmasters_column one_half\">\n<div class=\"cmsmasters_column_inner\"><div id=\"cmsmasters_heading_5b16904444\" class=\"cmsmasters_heading_wrap cmsmasters_heading_align_left\">\n\t<h1 class=\"cmsmasters_heading\">Yeni Hayat T\u0131p Merkezi<\/h1>\n<\/div><div class=\"cmsmasters_text\">\n<p><span style=\"color: #ffffff;\">Hasta memnuniyeti ilkesini dikkate alarak hasta ve yak\u0131nlar\u0131na, hi\u00e7bir ayr\u0131m g\u00f6zetmeksizin kabul g\u00f6rm\u00fc\u015f standarda en \u00fcst seviyede sa\u011fl\u0131k hizmeti sunar\u0131z.<\/span><\/p>\n<\/div>\n<div id=\"cmsmasters_divider_de818bdcc8\" class=\"cl\"><\/div>\n<div id=\"cmsmasters_button_0f0e4e3901\" class=\"button_wrap\"><a href=\"https:\/\/yenihayattipmerkezi.com\/yeni\/demo\/departments\/\" class=\"cmsmasters_button\"><span>T\u0131bbi Birimlerimiz<\/span><\/a><\/div>\n<\/div><\/div>\n<\/div>\n<\/div>\n<\/div>\n<\/div>\n<\/div>\n<div id=\"cmsmasters_row_b8a1aa1f72\" class=\"cmsmasters_row cmsmasters_color_scheme_default cmsmasters_row_top_default cmsmasters_row_bot_default cmsmasters_row_boxed\">\n<div class=\"cmsmasters_row_outer_parent\">\n<div class=\"cmsmasters_row_outer\">\n<div class=\"cmsmasters_row_inner\">\n<div class=\"cmsmasters_row_margin\">\n<div id=\"cmsmasters_column_bfd7c3ff06\" class=\"cmsmasters_column one_half\">\n<div class=\"cmsmasters_column_inner\"><div id=\"cmsmasters_heading_8f3b42cd68\" class=\"cmsmasters_heading_wrap cmsmasters_heading_align_left\">\n\t<h3 class=\"cmsmasters_heading\">Kurumsal<\/h3>\n<\/div><div id=\"cmsmasters_heading_5a19b8fc1e\" class=\"cmsmasters_heading_wrap cmsmasters_heading_align_left\">\n\t<h3 class=\"cmsmasters_heading\">Yeni Hayat T\u0131p Merkezi<\/h3>\n<\/div><div class=\"cmsmasters_content_slider_wrap\" style=\"max-width:px;\"><div id=\"cmsmasters_slider_25989a1fef\" class=\"cmsmasters_owl_slider owl-carousel cmsmasters_content_slider\" data-auto-play=\"5000\" data-stop-on-hover=\"true\" data-rewind-nav=\"false\" data-slide-speed=\"750\" data-pagination-speed=\"750\" data-rewind-speed=\"1000\" data-transition-style=\"fade\" data-pagination=\"false\" data-navigation=\"true\" data-navigation-prev=\"<span><\/span>\" data-navigation-next=\"<span><\/span>\"><div class=\"cmsmasters_owl_slider_item cmsmasters_content_slider_item\"><img loading=\"lazy\" decoding=\"async\" width=\"600\" height=\"700\" src=\"https:\/\/yenihayattipmerkezi.com\/yeni\/wp-content\/uploads\/2021\/01\/hastane.jpg\" class=\"attachment-full size-full\" alt=\"\" srcset=\"https:\/\/yenihayattipmerkezi.com\/yeni\/wp-content\/uploads\/2021\/01\/hastane.jpg 600w, https:\/\/yenihayattipmerkezi.com\/yeni\/wp-content\/uploads\/2021\/01\/hastane-257x300.jpg 257w, https:\/\/yenihayattipmerkezi.com\/yeni\/wp-content\/uploads\/2021\/01\/hastane-580x677.jpg 580w\" sizes=\"auto, (max-width: 600px) 100vw, 600px\" \/><\/div><\/div>\n<\/div>\n<\/div><\/div>\n<div id=\"cmsmasters_column_bf987dd11c\" class=\"cmsmasters_column one_half\">\n<div class=\"cmsmasters_column_inner\">\n<div id=\"cmsmasters_divider_109f3e4d70\" class=\"cl\"><\/div>\n<div class=\"cmsmasters_toggles toggles_mode_accordion\">\n<div class=\"cmsmasters_toggle_wrap current_toggle\" data-tags=\"all \">\n<div class=\"cmsmasters_toggle_title\">\n<span class=\"cmsmasters_toggle_plus\">\n<span class=\"cmsmasters_toggle_plus_hor\"><\/span>\n<span class=\"cmsmasters_toggle_plus_vert\"><\/span>\n<\/span>\n<a href=\"#\">Misyonumuz &amp; Vizyonumuz<\/a>\n<\/div>\n<div class=\"cmsmasters_toggle\">\n<div class=\"cmsmasters_toggle_inner\">\n<p><strong>M\u0130SYONUMUZ<\/strong><\/p>\n<p>\u00c7a\u011fda\u015f bilgi ve son teknolojiyi kullanan, meslek ahlak\u0131n\u0131 ve uluslararas\u0131 standartlar\u0131 benimseyen, hasta ve yak\u0131nlar\u0131n\u0131n memnuniyetini \u00f6nemseyen, haklar\u0131n\u0131n ve sosyal sorumlulu\u011funun bilincinde, her zaman \u00f6nc\u00fc ve yenilik\u00e7i uygulamalar\u0131 ile kaliteli sa\u011fl\u0131k hizmeti sunmak.<br \/>\nBilimsel ve etik de\u011ferlere her ko\u015fulda uymay\u0131 ilke edinmi\u015f, tak\u0131m ruhu i\u00e7inde \u00e7al\u0131\u015fan dinamik kadromuz misyonumuza ula\u015fmam\u0131zda temel dayana\u011f\u0131m\u0131zd\u0131r.<\/p>\n<p><strong>V\u0130ZYONUMUZ<\/strong><\/p>\n<p><em>\u00d6zel Yeni Hayat T\u0131p Merkezi<\/em>; \u00fcst\u00fcn nitelikli uzman ekibi ve modern t\u0131bbi altyap\u0131s\u0131yla sa\u011fl\u0131k hizmetlerini m\u00fckemmel d\u00fczeyde vererek bulundu\u011fumuz b\u00f6lgede model olu\u015fturmay\u0131 ve \u00f6rnek olarak g\u00f6sterilen sa\u011fl\u0131k kurumlar\u0131ndan biri olmay\u0131 hedeflemektedir.<\/p>\n<\/div>\n<\/div>\n<\/div><div class=\"cmsmasters_toggle_wrap\" data-tags=\"all \">\n<div class=\"cmsmasters_toggle_title\">\n<span class=\"cmsmasters_toggle_plus\">\n<span class=\"cmsmasters_toggle_plus_hor\"><\/span>\n<span class=\"cmsmasters_toggle_plus_vert\"><\/span>\n<\/span>\n<a href=\"#\">Temel \u0130lkelerimiz<\/a>\n<\/div>\n<div class=\"cmsmasters_toggle\">\n<div class=\"cmsmasters_toggle_inner\">\n<p>Hasta memnuniyeti ilkesini dikkate alarak hasta ve yak\u0131nlar\u0131na, hi\u00e7bir ayr\u0131m g\u00f6zetmeksizin kabul g\u00f6rm\u00fc\u015f standarda en \u00fcst seviyede sa\u011fl\u0131k hizmeti sunar\u0131z.<br \/>\nKalitenin s\u00fcrekli geli\u015ftirilmesi gerekti\u011fine inan\u0131r, geli\u015fime, d\u00fcnyaya ve de\u011fi\u015fime a\u00e7\u0131k olarak hizmetlerimizde en \u00fcst kalite anlay\u0131\u015f\u0131n\u0131 benimseriz.<br \/>\nEn de\u011ferli kayna\u011f\u0131m\u0131z ve en de\u011ferli yat\u0131r\u0131m\u0131m\u0131z olan insana sayg\u0131ya dayal\u0131 y\u00f6netim anlay\u0131\u015f\u0131m\u0131zla kat\u0131l\u0131mc\u0131 bir y\u00f6netim politikas\u0131 izleriz.<br \/>\n\u0130\u015f ahlak\u0131 ilkelerini temel alan, ba\u015far\u0131 ve ba\u015far\u0131s\u0131zl\u0131kta sorumlulu\u011fu payla\u015fan, tak\u0131m \u00e7al\u0131\u015fmas\u0131na \u00f6nem veren bir anlay\u0131\u015fa sahibiz.<\/p>\n<\/div>\n<\/div>\n<\/div><div class=\"cmsmasters_toggle_wrap\" data-tags=\"all \">\n<div class=\"cmsmasters_toggle_title\">\n<span class=\"cmsmasters_toggle_plus\">\n<span class=\"cmsmasters_toggle_plus_hor\"><\/span>\n<span class=\"cmsmasters_toggle_plus_vert\"><\/span>\n<\/span>\n<a href=\"#\">Kalite Politikam\u0131z<\/a>\n<\/div>\n<div class=\"cmsmasters_toggle\">\n<div class=\"cmsmasters_toggle_inner\">\n<p>Misyon, vizyon, \u0130lkelerimiz ve hasta ve yak\u0131nlar\u0131 ile \u00e7al\u0131\u015fanlar\u0131m\u0131z\u0131n beklenti ve gereksinimlerini do\u011frultusunda;<br \/>\nHasta bak\u0131m\u0131 ve y\u00f6netim standartlar\u0131nda s\u00fcrekli iyile\u015fmeyi sa\u011flamak,<br \/>\n\u00c7a\u011fda\u015f bilgi ve y\u00f6netim sistemleri ve teknolojilerini kullanmak, \u00e7al\u0131\u015fan yetkinliklerinin artt\u0131r\u0131lmas\u0131n\u0131 sa\u011flamak, yasa ve y\u00f6netmeliklere ve meslek eti\u011fi ilkelerine uygun olarak \u00e7al\u0131\u015fmak, bu ama\u00e7la olu\u015fturulan sistemleri gelecek nesillere ta\u015f\u0131mak, y\u00f6netim felsefemiz ve kalite politikam\u0131zd\u0131r.<\/p>\n<\/div>\n<\/div>\n<\/div><\/div>\n<\/div><\/div>\n<\/div>\n<\/div>\n<\/div>\n<\/div>\n<\/div>\n<div id=\"cmsmasters_row_04b0c17818\" class=\"cmsmasters_row cmsmasters_color_scheme_default cmsmasters_row_top_default cmsmasters_row_bot_default cmsmasters_row_boxed\">\n<div class=\"cmsmasters_row_outer_parent\">\n<div class=\"cmsmasters_row_outer\">\n<div class=\"cmsmasters_row_inner\">\n<div class=\"cmsmasters_row_margin\">\n<div id=\"cmsmasters_column_ec40496448\" class=\"cmsmasters_column one_half\">\n<div class=\"cmsmasters_column_inner\"><div id=\"cmsmasters_heading_eb049b7e94\" class=\"cmsmasters_heading_wrap cmsmasters_heading_align_left\">\n\t<h1 class=\"cmsmasters_heading\">Haberiniz Olsun<\/h1>\n<\/div><div id=\"cmsmasters_heading_3d05efce36\" class=\"cmsmasters_heading_wrap cmsmasters_heading_align_left\">\n\t<h4 class=\"cmsmasters_heading\">Bizden haberdar olmak, yenilikleri ve g\u00fcncel haberleri takipt etmek i\u00e7in E-B\u00fcltene abone olabilirsiniz.<\/h4>\n<\/div>\n<\/div><\/div>\n<div id=\"cmsmasters_column_e52b21d207\" class=\"cmsmasters_column one_half\">\n<div class=\"cmsmasters_column_inner\">\n<div class=\"cmsmasters_sidebar sidebar_layout_11\"><aside id=\"text-4\" class=\"widget widget_text\">\t\t\t<div class=\"textwidget\"><p>[mailpoet_form id=&#8221;2&#8243;]<\/p>\n<\/div>\n\t\t<\/aside><div class=\"cl\"><\/div>\n<\/div>\n<\/div><\/div>\n<\/div>\n<\/div>\n<\/div>\n<\/div>\n<\/div>\n\n","protected":false},"excerpt":{"rendered":"","protected":false},"author":1,"featured_media":0,"parent":0,"menu_order":0,"comment_status":"closed","ping_status":"closed","template":"","meta":{"footnotes":""},"class_list":["post-529","page","type-page","status-publish","hentry"],"yoast_head":"<!-- This site is optimized with the Yoast SEO plugin v17.7 - https:\/\/yoast.com\/wordpress\/plugins\/seo\/ -->\n<title>Kurumsal - Yeni Hayat T\u0131p Merkezi<\/title>\n<meta name=\"robots\" content=\"index, follow, max-snippet:-1, max-image-preview:large, max-video-preview:-1\" \/>\n<link rel=\"canonical\" href=\"https:\/\/yenihayattipmerkezi.com\/yeni\/kurumsal\/\" \/>\n<meta property=\"og:locale\" content=\"tr_TR\" \/>\n<meta property=\"og:type\" content=\"article\" \/>\n<meta property=\"og:title\" content=\"Kurumsal - Yeni Hayat T\u0131p Merkezi\" \/>\n<meta property=\"og:url\" content=\"https:\/\/yenihayattipmerkezi.com\/yeni\/kurumsal\/\" \/>\n<meta property=\"og:site_name\" content=\"Yeni Hayat T\u0131p Merkezi\" \/>\n<meta property=\"article:modified_time\" content=\"2021-02-24T07:47:54+00:00\" \/>\n<meta name=\"twitter:card\" content=\"summary_large_image\" \/>\n<meta name=\"twitter:label1\" content=\"Tahmini okuma s\u00fcresi\" \/>\n\t<meta name=\"twitter:data1\" content=\"5 dakika\" \/>\n<script type=\"application\/ld+json\" class=\"yoast-schema-graph\">{\"@context\":\"https:\/\/schema.org\",\"@graph\":[{\"@type\":\"WebSite\",\"@id\":\"https:\/\/yenihayattipmerkezi.com\/yeni\/#website\",\"url\":\"https:\/\/yenihayattipmerkezi.com\/yeni\/\",\"name\":\"Yeni Hayat T\\u0131p Merkezi\",\"description\":\"Yeni Hayat T\\u0131p Merkezi\",\"potentialAction\":[{\"@type\":\"SearchAction\",\"target\":{\"@type\":\"EntryPoint\",\"urlTemplate\":\"https:\/\/yenihayattipmerkezi.com\/yeni\/?s={search_term_string}\"},\"query-input\":\"required name=search_term_string\"}],\"inLanguage\":\"tr\"},{\"@type\":\"WebPage\",\"@id\":\"https:\/\/yenihayattipmerkezi.com\/yeni\/kurumsal\/#webpage\",\"url\":\"https:\/\/yenihayattipmerkezi.com\/yeni\/kurumsal\/\",\"name\":\"Kurumsal - Yeni Hayat T\\u0131p Merkezi\",\"isPartOf\":{\"@id\":\"https:\/\/yenihayattipmerkezi.com\/yeni\/#website\"},\"datePublished\":\"2015-04-20T11:50:56+00:00\",\"dateModified\":\"2021-02-24T07:47:54+00:00\",\"breadcrumb\":{\"@id\":\"https:\/\/yenihayattipmerkezi.com\/yeni\/kurumsal\/#breadcrumb\"},\"inLanguage\":\"tr\",\"potentialAction\":[{\"@type\":\"ReadAction\",\"target\":[\"https:\/\/yenihayattipmerkezi.com\/yeni\/kurumsal\/\"]}]},{\"@type\":\"BreadcrumbList\",\"@id\":\"https:\/\/yenihayattipmerkezi.com\/yeni\/kurumsal\/#breadcrumb\",\"itemListElement\":[{\"@type\":\"ListItem\",\"position\":1,\"name\":\"Home\",\"item\":\"https:\/\/yenihayattipmerkezi.com\/yeni\/\"},{\"@type\":\"ListItem\",\"position\":2,\"name\":\"Kurumsal\"}]}]}<\/script>\n<!-- \/ Yoast SEO plugin. -->","yoast_head_json":{"title":"Kurumsal - Yeni Hayat T\u0131p Merkezi","robots":{"index":"index","follow":"follow","max-snippet":"max-snippet:-1","max-image-preview":"max-image-preview:large","max-video-preview":"max-video-preview:-1"},"canonical":"https:\/\/yenihayattipmerkezi.com\/yeni\/kurumsal\/","og_locale":"tr_TR","og_type":"article","og_title":"Kurumsal - Yeni Hayat T\u0131p Merkezi","og_url":"https:\/\/yenihayattipmerkezi.com\/yeni\/kurumsal\/","og_site_name":"Yeni Hayat T\u0131p Merkezi","article_modified_time":"2021-02-24T07:47:54+00:00","twitter_card":"summary_large_image","twitter_misc":{"Tahmini okuma s\u00fcresi":"5 dakika"},"schema":{"@context":"https:\/\/schema.org","@graph":[{"@type":"WebSite","@id":"https:\/\/yenihayattipmerkezi.com\/yeni\/#website","url":"https:\/\/yenihayattipmerkezi.com\/yeni\/","name":"Yeni Hayat T\u0131p Merkezi","description":"Yeni Hayat T\u0131p Merkezi","potentialAction":[{"@type":"SearchAction","target":{"@type":"EntryPoint","urlTemplate":"https:\/\/yenihayattipmerkezi.com\/yeni\/?s={search_term_string}"},"query-input":"required name=search_term_string"}],"inLanguage":"tr"},{"@type":"WebPage","@id":"https:\/\/yenihayattipmerkezi.com\/yeni\/kurumsal\/#webpage","url":"https:\/\/yenihayattipmerkezi.com\/yeni\/kurumsal\/","name":"Kurumsal - Yeni Hayat T\u0131p Merkezi","isPartOf":{"@id":"https:\/\/yenihayattipmerkezi.com\/yeni\/#website"},"datePublished":"2015-04-20T11:50:56+00:00","dateModified":"2021-02-24T07:47:54+00:00","breadcrumb":{"@id":"https:\/\/yenihayattipmerkezi.com\/yeni\/kurumsal\/#breadcrumb"},"inLanguage":"tr","potentialAction":[{"@type":"ReadAction","target":["https:\/\/yenihayattipmerkezi.com\/yeni\/kurumsal\/"]}]},{"@type":"BreadcrumbList","@id":"https:\/\/yenihayattipmerkezi.com\/yeni\/kurumsal\/#breadcrumb","itemListElement":[{"@type":"ListItem","position":1,"name":"Home","item":"https:\/\/yenihayattipmerkezi.com\/yeni\/"},{"@type":"ListItem","position":2,"name":"Kurumsal"}]}]}},"_links":{"self":[{"href":"https:\/\/yenihayattipmerkezi.com\/yeni\/wp-json\/wp\/v2\/pages\/529","targetHints":{"allow":["GET"]}}],"collection":[{"href":"https:\/\/yenihayattipmerkezi.com\/yeni\/wp-json\/wp\/v2\/pages"}],"about":[{"href":"https:\/\/yenihayattipmerkezi.com\/yeni\/wp-json\/wp\/v2\/types\/page"}],"author":[{"embeddable":true,"href":"https:\/\/yenihayattipmerkezi.com\/yeni\/wp-json\/wp\/v2\/users\/1"}],"replies":[{"embeddable":true,"href":"https:\/\/yenihayattipmerkezi.com\/yeni\/wp-json\/wp\/v2\/comments?post=529"}],"version-history":[{"count":1,"href":"https:\/\/yenihayattipmerkezi.com\/yeni\/wp-json\/wp\/v2\/pages\/529\/revisions"}],"predecessor-version":[{"id":14256,"href":"https:\/\/yenihayattipmerkezi.com\/yeni\/wp-json\/wp\/v2\/pages\/529\/revisions\/14256"}],"wp:attachment":[{"href":"https:\/\/yenihayattipmerkezi.com\/yeni\/wp-json\/wp\/v2\/media?parent=529"}],"curies":[{"name":"wp","href":"https:\/\/api.w.org\/{rel}","templated":true}]}}